rs of 6036853?
17, 355109
What are the prime factors of 683451?
3, 17, 1489
List the prime factors of 218603.
7, 11, 17, 167
List the prime factors of 217570.
2, 5, 21757
What are the prime factors of 26938140?
2, 3, 5, 448969
What are the prime factors of 1213085?
5, 242617
What are the prime factors of 2927373?
3, 73, 13367
What are the prime factors of 347834?
2, 173917
What are the prime factors of 4230231?
3, 1410077
List the prime factors of 1690735.
5, 17, 19891
What are the prime factors of 493300?
2, 5, 4933
List the prime factors of 17834304.
2, 3, 29, 3203
List the prime factors of 90656.
2, 2833
List the prime factors of 32427.
3, 1201
List the prime factors of 5522903.
83, 66541
List the prime factors of 7346955.
3, 5, 7, 11, 6361
List the prime factors of 141539.
141539
What are the prime factors of 17268933?
3, 11, 271, 1931
List the prime factors of 79589.
79589
What are the prime factors of 849551?
23, 43, 859
What are the prime factors of 12653761?
12653761
List the prime factors of 18000800.
2, 5, 22501
List the prime factors of 3989321.
7, 569903
List the prime factors of 2015507.
13, 197, 787
What are the prime factors of 40994?
2, 103, 199
What are the prime factors of 226417?
257, 881
What are the prime factors of 4951042?
2, 439, 5639
What are the prime factors of 1300361?
83, 15667
List the prime factors of 5396826.
2, 3, 83, 10837
List the prime factors of 31211156.
2, 179, 43591
What are the prime factors of 148592?
2, 37, 251
List the prime factors of 3814924.
2, 953731
What are the prime factors of 96512?
2, 13, 29
List the prime factors of 6048723.
3, 37, 54493
List the prime factors of 2957056.
2, 11551
What are the prime factors of 4543894?
2, 29, 157, 499
List the prime factors of 16318796.
2, 13, 19, 83, 199
List the prime factors of 722146.
2, 89, 4057
List the prime factors of 3353385.
3, 5, 7, 109, 293
List the prime factors of 835659.
3, 11, 23, 367
List the prime factors of 4679274.
2, 3, 779879
List the prime factors of 174726.
2, 3, 17, 571
List the prime factors of 1468795.
5, 19, 15461
List the prime factors of 27939840.
2, 3, 5, 17, 107
List the prime factors of 2149474.
2, 149, 7213
What are the prime factors of 1683748?
2, 11, 17, 2251
What are the prime factors of 685310?
2, 5, 68531
What are the prime factors of 2971181?
59, 50359
What are the prime factors of 12633?
3, 4211
List the prime factors of 401961.
3, 7, 19141
List the prime factors of 7966091.
7, 83, 13711
List the prime factors of 1356978.
2, 3, 7, 32309
List the prime factors of 5791679.
17, 340687
List the prime factors of 168412.
2, 71, 593
What are the prime factors of 261630?
2, 3, 5, 17, 19
What are the prime factors of 3724085?
5, 744817
List the prime factors of 1255663.
1255663
List the prime factors of 22076280.
2, 3, 5, 20441
What are the prime factors of 261973?
261973
List the prime factors of 132598.
2, 167, 397
What are the prime factors of 10665562?
2, 17, 29, 373
What are the prime factors of 1453315?
5, 290663
List the prime factors of 1789818.
2, 3, 298303
List the prime factors of 170234.
2, 47, 1811
List the prime factors of 5714369.
5714369
What are the prime factors of 507823?
179, 2837
List the prime factors of 33023.
33023
What are the prime factors of 918773?
461, 1993
What are the prime factors of 46001?
157, 293
What are the prime factors of 1238559?
3, 7, 58979
List the prime factors of 1740695.
5, 11, 31649
List the prime factors of 11693651.
41, 73, 3907
What are the prime factors of 15939205?
5, 3187841
What are the prime factors of 7156489?
1567, 4567
What are the prime factors of 435051?
3, 41, 131
What are the prime factors of 29538834?
2, 3, 13, 29131
What are the prime factors of 1063904?
2, 33247
List the prime factors of 18069431.
37, 67, 197
List the prime factors of 38153843.
7, 13, 19, 22067
List the prime factors of 224578.
2, 112289
What are the prime factors of 11296?
2, 353
List the prime factors of 445073.
23, 37, 523
List the prime factors of 415329.
3, 167, 829
List the prime factors of 476297.
41, 11617
List the prime factors of 2254755.
3, 5, 191, 787
What are the prime factors of 54337?
67, 811
List the prime factors of 591322.
2, 271, 1091
What are the prime factors of 1672535?
5, 334507
What are the prime factors of 4010559?
3, 7, 190979
What are the prime factors of 2022610?
2, 5, 223, 907
What are the prime factors of 6480020?
2, 5, 23, 14087
List the prime factors of 4926186.
2, 3, 23, 73, 163
List the prime factors of 477290.
2, 5, 11, 4339
What are the prime factors of 58239?
3, 719
What are the prime factors of 26323411?
3989, 6599
What are the prime factors of 15149282?
2, 223, 33967
What are the prime factors of 32150?
2, 5, 643
List the prime factors of 245680.
2, 5, 37, 83
What are the prime factors of 3302183?
3302183
List the prime factors of 729114.
2, 3, 137, 887
What are the prime factors of 174851?
174851
List the prime factors of 874819.
11, 67, 1187
List the prime factors of 5315003.
19, 14723
List the prime factors of 242270.
2, 5, 7, 3461
List the prime factors of 20537.
11, 1867
List the prime factors of 1210049.
1210049
List the prime factors of 10818134.
2, 37, 146191
What are the prime factors of 92488?
2, 11, 1051
List the prime factors of 2429190.
2, 3, 5, 2999
What are the prime factors of 231247?
71, 3257
What are the prime factors of 5870599?
7, 838657
List the prime factors of 8003205.
3, 5, 7, 941
List the prime factors of 10382822.
2, 5191411
List the prime factors of 206917.
206917
List the prime factors of 22056243.
3, 11, 60761
List the prime factors of 171986.
2, 113, 761
List the prime factors of 2019325.
5, 7, 11, 1049
List the prime factors of 416471.
11, 37861
What are the prime factors of 2926642?
2, 103, 14207
What are the prime factors of 4365260?
2, 5, 17, 37, 347
What are the prime factors of 352783?
131, 2693
List the prime factors of 358017.
3, 11, 19, 571
What are the prime factors of 3558591?
3, 71, 5569
What are the prime factors of 5956483?
13, 458191
List the prime factors of 10090734.
2, 3, 197, 8537
What are the prime factors of 2052689?
2052689
What are the prime factors of 3208035?
3, 5, 31, 6899
What are the prime factors of 425281?
425281
What are the prime factors of 337064?
2, 7, 13, 463
List the prime factors of 2580948.
2, 3, 71693
List the prime factors of 251650.
2, 5, 7, 719
What are the prime factors of 7211730?
2, 3, 5, 421, 571
What are the prime factors of 244627?
43, 5689
What are the prime factors of 1945891?
1945891
List the prime factors of 14285890.
2, 5, 43, 33223
What are the prime factors of 1987400?
2, 5, 19, 523
List the prime factors of 144553.
31, 4663
List the prime factors of 1832294.
2, 17, 53891
List the prime factors of 11599780.
2, 5, 17, 109, 313
List the prime factors of 1673162.
2, 787, 1063
List the prime factors of 134682.
2, 3, 22447
List the prime factors of 691419.
3, 37, 6229
What are the prime factors of 366783?
3, 103, 1187
List the prime factors of 1706921.
37, 46133
What are the prime factors of 5391887?
47, 89, 1289
What are the prime factors of 43290?
2, 3, 5, 13, 37
List the prime factors of 1460497.
1460497
What are the prime factors of 297371?
297371
What are the prime factors of 721516?
2, 180379
What are the prime factors of 161316?
2, 3, 4481
List the prime factors of 12339637.
17, 725861
List the prime factors of 78207.
3, 131, 199
What are the prime factors of 9508547?
43, 397, 557
What are the prime factors of 18428770?
2, 5, 1842877
List the prime factors of 12200638.
2, 6100319
List the prime factors of 20118049.
7, 2874007
What are the prime factors of 3123369?
3, 347041
What are the prime factors of 114496?
2, 1789
What are the prime factors of 4189401?
3, 51721
List the prime factors of 632171.
29, 21799
List the prime factors of 2467076.
2, 616769
What are the prime factors of 1960149?
3, 37, 17659
What are the prime factors of 877747?
13, 251, 269
What are the prime factors of 1696520?
2, 5, 7, 73, 83
List the prime factors of 7156076.
2, 1303, 1373
What are the prime factors of 511198?
2, 23, 11113
What are the prime factors of 385964?
2, 47, 2053
List the prime factors of 579001.
443, 1307
What are the prime factors of 465090?
2, 3, 5, 37, 419
List the prime 